p. Let h be p*(0 - 8/(-6)). What are the prime factors of (-4)/h*7*1?
7
Let n(b) = -3*b**2 + 3*b - 2. Let p be n(2). Let j = 9 - p. What are the prime factors of j?
17
Let u(q) = 4*q**3 - 2*q**2 + 4*q - 3. Let b be 15/5 + -1 + 0. List the prime factors of u(b).
29
Suppose k + 710 = 6*k. What are the prime factors of k?
2, 71
Let n = 0 - -12. Suppose -2*j - 2*z = -0*z + 30, -2*z = -j - n. What are the prime factors of (-150)/j + (-8)/(-28)?
11
Suppose 2*o = -0*o + 30. What are the prime factors of o?
3, 5
Let h be (15/(-6) - -1)*2. Let s(i) = i**3 + 4*i**2 + i - 2. Let b be s(h). Suppose 20 = b*o - 2*o. List the prime factors of o.
2, 5
List the prime factors of 12*9/30*(-105)/(-14).
3
Suppose 9*c - 5*c - 200 = 0. Let f = c - 27. What are the prime factors of f?
23
What are the prime factors of (-500)/(-6) + 12/(-9)?
2, 41
Suppose 0*z + 35 = z. List the prime factors of z.
5, 7
Suppose 7*g - 113 = 230. List the prime factors of g.
7
List the prime factors of 25 + (-2 - -2 - 0).
5
Let p(l) = 13*l - 5. Let v(a) = -26*a + 9. Let r(x) = 11*p(x) + 6*v(x). What are the prime factors of r(-1)?
2, 3
Suppose -5*g + 28 = 5*a - 77, 4*a - 129 = 5*g. List the prime factors of a.
2, 13
Suppose 0 = 5*r - 0*v - 2*v - 170, 0 = r + v - 27. What are the prime factors of r?
2
Let a = 60 - 32. Suppose -8 = -4*b, a = -5*m - 0*b - b. Let u = 11 + m. What are the prime factors of u?
5
Suppose 5 = 5*k, -j - 5*k = -2*k - 22. What are the prime factors of j?
19
Suppose 4*d + 5*q - 189 = -0*q, 2*d - 90 = -4*q. List the prime factors of d.
3, 17
Let k = 49 - -44. What are the prime factors of k?
3, 31
Let o(b) = b + 232. What are the prime factors of o(0)?
2, 29
Let d = 17 - 14. Suppose o = -2*o - d*a + 21, 4*o = -a + 19. What are the prime factors of o?
2
Let d(h) = -h**3 - 2*h**2 - 3*h - 2. Let a be d(-2). Let p = a + -2. Let s = 11 - p. What are the prime factors of s?
3
Let o(c) be the second derivative of c**4/4 - c**3/3 - c. Let i be (-6)/8 + 22/8. What are the prime factors of o(i)?
2
Suppose -2*r + 4*r + z = 88, -z = r - 42. What are the prime factors of r?
2, 23
Let u = 35 - 21. What are the prime factors of u?
2, 7
Suppose 0 = -5*v + 4*c - 5, 0 = -0*v - 4*v - 5*c - 45. What are the prime factors of (-2 - -1)*v*10?
2, 5
Suppose 2*t + 11 = 43. Let m = t + -6. Suppose 2*w - m = 14. What are the prime factors of w?
2, 3
List the prime factors of 10 - (-4 - 0/1).
2, 7
Let y(h) be the first derivative of -h**3/3 + 11*h**2/2 + 5*h - 3. What are the prime factors of y(9)?
23
Let i(o) = 11*o - 4. List the prime factors of i(3).
29
Suppose -z + 2*z = 50. Suppose 8 = -5*a - c + 56, -4*a + z = -5*c. List the prime factors of a.
2, 5
Let p(j) = -11*j - 7*j - 7 + 15*j. List the prime factors of p(-8).
17
Let v(j) = -j**3 + 8*j**2 - 7*j + 3. List the prime factors of v(6).
3, 11
What are the prime factors of (-3*(-148)/36)/(1/12)?
2, 37
Suppose -a + 3 = -1. What are the prime factors of a?
2
Let v(g) = -2*g**2 - 6*g - 9. Let x(f) = -f**2 - f - 1. Let b(t) = v(t) - 3*x(t). Let q be b(5). Suppose -q*k + k + 24 = 0. What are the prime factors of k?
2
Let n be 76/6*(-15)/(-10). List the prime factors of 1 + n - (2 + -4).
2, 11
Let h be 94/10 + 6/(-15). Suppose 4*r + h = -5*n + 33, -3*n - r = -13. Suppose -n*u - u + 30 = 0. List the prime factors of u.
2, 3
Let w(u) = -u**3 - 2*u**2 - 2*u - 1. Let i be w(-2). Suppose 4*x = i*x + 5. Suppose -b + 2*m = -2 - x, -2*b + m = -11. What are the prime factors of b?
5
Suppose 316 = -12*k + 16*k. What are the prime factors of k?
79
Suppose 3*w - 158 = -4*v, 2*w + 0*v = -5*v + 103. Suppose p - 5*b = 30, -2*p = -5*p - 3*b + w. List the prime factors of p.
2, 5
Let b = 14 - 4. What are the prime factors of b?
2, 5
Let l = -40 + 90. List the prime factors of l.
2, 5
Suppose 19*c - 384 = 17*c. List the prime factors of c.
2, 3
Let j(o) = o**2 - 9*o + 5. Let w be j(9). Suppose -w*y = -66 - 54. Let t = y - 12. What are the prime factors of t?
2, 3
Suppose 0 = q - 0*q + y - 84, 0 = -3*y + 15. List the prime factors of q.
79
Suppose 4*h + 0*s - 4*s - 900 = 0, -3*h + s + 665 = 0. List the prime factors of h.
2, 5, 11
Suppose 3*u = -1 - 8, -2*v - 3*u + 107 = 0. What are the prime factors of v?
2, 29
Let x = 46 - -32. List the prime factors of x.
2, 3, 13
Suppose 4 = -4*n + 260. What are the prime factors of n?
2
Let r = 13 + 10. List the prime factors of r.
23
Let t(b) = 2*b**2 + 9*b + 10. List the prime factors of t(-6).
2, 7
Let y = 13 + -7. What are the prime factors of y?
2, 3
Let k(i) = 2*i**2 + 9*i - 10. What are the prime factors of k(-7)?
5
Let m(f) = f**2 - 4*f - 3. Let j be 90/25 - 2/(-5). Suppose -3*s = 6, -1 = j*t - 2*s + 3. What are the prime factors of m(t)?
3
What are the prime factors of (8/(-6))/(2/(-3))?
2
Let x be 22/5 - 6/15. Let u be (x/3)/(6/9). Suppose -u*c - 10 = -5*t + t, 2*t + 4*c = 30. What are the prime factors of t?
5
Suppose 2*f - d = 263, -2*f + 6*f + 3*d = 541. What are the prime factors of f?
7, 19
Let g = 28 + -17. Let x = -5 + g. List the prime factors of x.
2, 3
Let k be 0 + 12 - 1/1. Suppose k = -5*f + 81. Suppose -6 = -5*s + f. List the prime factors of s.
2
Let z = -142 + 262. What are the prime factors of z?
2, 3, 5
Let n = -306 + 204. Let p = n + 144. What are the prime factors of p?
2, 3, 7
Let r be 9/(-6) - 9/2. List the prime factors of 9/(-1)*r/18.
3
Let u(d) = 4*d**2 + 12*d + 13. List the prime factors of u(-7).
5
Let d = -24 + 50. What are the prime factors of d?
2, 13
Let u = 1 - -4. Suppose 3 = -y + u. Suppose -64 = -4*x + 4*n, x + 3*n + y = 22. List the prime factors of x.
17
Let i(n) = -n**3 + 7*n**2 + 8*n + 1. Let g be i(8). List the prime factors of 3*-4*g*-1.
2, 3
Let f = 16 + -8. Suppose 3*s = -s + f. List the prime factors of s.
2
Let m = -16 + 9. What are the prime factors of 3/m*(-6 + -1)?
3
What are the prime factors of (-1)/(-5) + 4221/45?
2, 47
Let q be (6/7)/(3/21). List the prime factors of (q/4)/(3/18).
3
Let s be (1/(-3))/((-1)/(-3)). Let p be ((-10)/3)/(s/(-3)). Let o = -1 - p. What are the prime factors of o?
3
Let y(b) = b**2 + 4*b - 1. Let u be y(-7). Suppose 0 = 5*v - u, 3*v + 92 = 4*i + 8*v. What are the prime factors of i?
2, 3
Suppose -3*u + 4*u = -7. List the prime factors of 2/u - (-88)/14.
2, 3
Let d = 22 - 15. What are the prime factors of d?
7
Let s(t) = 9*t**2 - t - 1. What are the prime factors of s(-1)?
3
Let r(y) = y**2 - y - 20. What are the prime factors of r(9)?
2, 13
Suppose 0 = -4*n + 43 + 137. What are the prime factors of n?
3, 5
Suppose 4*q + 5*r - 137 = 0, -3*r = 3*q + 13 - 118. What are the prime factors of q?
2, 19
Suppose -12 = -f - f. Suppose c = -f - 22. Let z = 39 + c. List the prime factors of z.
11
Suppose -b = q - 45, 4*b + 6 = 4*q + 186. Suppose 4*r + 5*c = b, 0 = -3*c - c - 12. List the prime factors of r.
3, 5
Suppose -2*z + 6*z - 2*q = 144, -q = 2*z - 72. What are the prime factors of z?
2, 3
Suppose a = -4*f - 4*a + 31, -43 = -5*f - 2*a. List the prime factors of f.
3
Suppose o + c = 5*o - 223, o - 52 = c. List the prime factors of o.
3, 19
Let z be (1/(-3))/((-7)/63). Let i(g) = 6 - z*g - 4*g - g - g**2 + g. List the prime factors of i(-6).
2, 3
Let n(v) be the first derivative of 1/3*v**3 - 2 + 3*v + 0*v**2. List the prime factors of n(0).
3
Let a(v) = v**2 + 9*v - 30. List the prime factors of a(-16).
2, 41
Suppose -133 = 4*k - 893. List the prime factors of k.
2, 5, 19
What are the prime factors of 1366/6 + 3 + (-3)/(-9)?
3, 7, 11
Let z = -8 - -13. Suppose 0 = -z*t + 2 + 23. Suppose -o + t - 1 = s, 2*s = -o + 9. What are the prime factors of s?
5
Suppose -t + q = -48, -2*t - q + 4*q + 96 = 0. List the prime factors of t.
2, 3
Suppose 5*i - 2 = 18. Suppose -i*a = -a - 168. What are the prime factors of 16/a + 94/14?
7
Let u(s) be the second derivative of 0 - 3*s - 2*s**2 - 2/3*s**3. What are the prime factors of u(-3)?
2
Let t = -2 - -4. Suppose 17 = 5*z + t. Suppose 0 = -0*y + 3*y, y = -z*c + 33. What are the prime factors of c?
11
Suppose -f + 2*f - 2 = 0. Suppose 5*y - 87 = 4*p, 2*p + 41 = f*y + 3*y. What are the prime factors of -2 - p - (-4 + 5)?
2, 5
Suppose -3*d = 14 + 4. Let y = 9 - d. List the prime factors of y.
3, 5
Suppose 4 + 7 = 4*x + 3*j, 5*j = -15. Suppose -x*w + 112 = 12. What are the prime factors of w?
2, 5
Let q(m) = m**3 -